55287?
False
Is 20978524 a multiple of 17?
False
Is 37 a factor of 2294452?
False
Is 9 a factor of 20608?
False
Is 197 a factor of 488655?
False
Is 1396572 a multiple of 24?
False
Does 31 divide 1380492?
True
Does 448 divide 370467?
False
Is 76 a factor of 75555?
False
Is 1683464 a multiple of 1304?
True
Is 19551006 a multiple of 657?
True
Is 40 a factor of 15939923?
False
Is 7 a factor of 1739680?
False
Is 12 a factor of 3838788?
True
Is 587 a factor of 5616466?
False
Is 1026 a factor of 2391428?
False
Is 196 a factor of 443352?
True
Is 30 a factor of 506092?
False
Is 8 a factor of 592472?
True
Is 4 a factor of 24473?
False
Does 41 divide 175901?
False
Does 10 divide 5189720?
True
Does 226 divide 2390687?
False
Is 68631 a multiple of 94?
False
Is 127585 a multiple of 10?
False
Is 297066 a multiple of 22?
True
Is 31 a factor of 1488124?
True
Does 13 divide 21166756?
True
Does 60 divide 160320?
True
Does 54 divide 464400?
True
Is 2 a factor of 18273?
False
Is 26 a factor of 1124188?
True
Does 34 divide 30703?
False
Is 321 a factor of 2811639?
True
Does 18 divide 25047288?
True
Is 253905 a multiple of 15?
True
Is 181658 a multiple of 22?
False
Is 3852735 a multiple of 113?
True
Is 81 a factor of 1122093?
True
Is 994847 a multiple of 79?
True
Is 167671 a multiple of 18?
False
Is 101922 a multiple of 3?
True
Is 4 a factor of 3892?
True
Does 21 divide 542262?
True
Is 44 a factor of 116028?
True
Does 299 divide 162058?
True
Is 713390 a multiple of 7?
False
Is 14 a factor of 11508364?
True
Is 123089 a multiple of 6?
False
Is 5411240 a multiple of 10?
True
Is 165901 a multiple of 67?
False
Is 6 a factor of 5779?
False
Is 3 a factor of 19776?
True
Does 165 divide 218955?
True
Is 85 a factor of 396915?
False
Is 3265080 a multiple of 115?
True
Is 614720 a multiple of 85?
True
Does 802 divide 2363494?
True
Is 34 a factor of 27824512?
True
Is 143246 a multiple of 4?
False
Is 64 a factor of 1846538?
False
Does 38 divide 3033070?
False
Is 115 a factor of 178402?
False
Is 47 a factor of 1733790?
False
Is 168 a factor of 117048?
False
Is 308 a factor of 665588?
True
Is 8044343 a multiple of 28?
False
Does 21 divide 31910676?
True
Is 1823609 a multiple of 666?
False
Does 71 divide 35779?
False
Does 58 divide 288376?
True
Is 10 a factor of 453410?
True
Is 60 a factor of 296580?
True
Is 17261550 a multiple of 178?
True
Is 10 a factor of 163789?
False
Does 40 divide 3657410?
False
Is 29 a factor of 2039251?
True
Is 5469230 a multiple of 2?
True
Is 419277 a multiple of 248?
False
Is 739 a factor of 3238056?
False
Does 8 divide 94752?
True
Does 11 divide 3211010?
True
Is 5 a factor of 27896?
False
Is 113724 a multiple of 27?
True
Is 91689 a multiple of 13?
True
Does 76 divide 4329715?
False
Does 30 divide 415290?
True
Does 20 divide 120660?
True
Does 84 divide 14079628?
False
Is 11971951 a multiple of 98?
False
Is 679050 a multiple of 225?
True
Is 3068300 a multiple of 773?
False
Is 7287192 a multiple of 27?
True
Does 257 divide 340951?
False
Does 3 divide 461553?
True
Is 3229292 a multiple of 1012?
True
Does 24 divide 46351?
False
Is 42 a factor of 65076?
False
Is 516 a factor of 442069?
False
Is 309 a factor of 37389?
True
Is 251 a factor of 611854?
False
Is 137287 a multiple of 111?
False
Does 107 divide 914443?
False
Does 150 divide 6702600?
True
Does 255 divide 3482715?
False
Is 19 a factor of 15607?
False
Is 328902 a multiple of 82?
True
Is 17 a factor of 2920235?
False
Is 281140 a multiple of 97?
False
Is 301012 a multiple of 619?
False
Is 297 a factor of 515889?
True
Is 59 a factor of 27036?
False
Is 25023 a multiple of 439?
True
Is 973480 a multiple of 171?
False
Is 96 a factor of 122104?
False
Does 20 divide 568613?
False
Is 77047 a multiple of 27?
False
Is 86 a factor of 3016708?
True
Does 236 divide 563346?
False
Does 66 divide 1705704?
True
Does 6 divide 107935?
False
Is 16 a factor of 8747734?
False
Does 14 divide 79043?
False
Does 17 divide 2006459?
True
Is 295 a factor of 923055?
True
Does 220 divide 11870976?
False
Does 15 divide 875549?
False
Does 55 divide 567050?
True
Does 168 divide 1816080?
True
Is 9 a factor of 305332?
False
Does 6 divide 27990?
True
Is 145908 a multiple of 27?
True
Is 44 a factor of 1355860?
True
Does 14 divide 4488372?
True
Does 2 divide 2330?
True
Is 22 a factor of 12594604?
True
Is 441194 a multiple of 7?
False
Is 378035 a multiple of 49?
True
Is 746753 a multiple of 96?
False
Is 236529 even?
False
Is 10 a factor of 926710?
True
Is 1595710 a multiple of 101?
False
Is 1425 a factor of 4432230?
False
Is 10 a factor of 147860?
True
Does 5 divide 21107?
False
Does 35 divide 1957819?
False
Is 93 a factor of 3777753?
True
Does 21 divide 1775928?
True
Is 66662 a multiple of 8?
False
Is 67210 a multiple of 1430?
True
Is 356 a factor of 3195862?
False
Is 185980 a multiple of 68?
True
Is 9400594 a multiple of 497?
False
Does 90 divide 10260?
True
Is 32 a factor of 1084658?
False
Is 27 a factor of 68507?
False
Is 88 a factor of 276320?
True
Is 10 a factor of 103260?
True
Is 27 a factor of 660258?
True
Is 76 a factor of 55784?
True
Is 220 a factor of 71147?
False
Does 274 divide 79886?
False
Is 610940 a multiple of 220?
True
Is 252130 a multiple of 19?
True
Is 6 a factor of 288822?
True
Is 257001 a multiple of 25?
False
Is 3901515 a multiple of 145?
True
Is 52 a factor of 408720?
True
Is 4085536 a multiple of 26?
True
Is 30 a factor of 155079?
False
Is 75070 a multiple of 29?
False
Is 109809 a multiple of 83?
True
Is 179 a factor of 279598?
True
Is 50 a factor of 1016166?
False
Does 8 divide 66497?
False
Does 359 divide 1854586?
False
Is 901621 a multiple of 55?
False
Is 145518 a multiple of 307?
True
Is 219488 a multiple of 152?
True
Is 14 a factor of 22678?
False
Does 43 divide 116315?
True
Is 209205 a multiple of 8?
False
Is 23 a factor of 4148257?
True
Is 5425620 a multiple of 155?
True
Does 57 divide 51750?
False
Does 39 divide 418120?
False
Is 35 a factor of 158200?
True
Is 35 a factor of 6602610?
True
Does 8 divide 12150056?
True
Is 1026 a factor of 4546081?
False
Does 92 divide 730667?
False
Does 40 divide 3499254?
False
Is 614016 a multiple of 384?
True
Does 313 divide 127001?
False
Is 24 a factor of 19451542?
False
Is 4 a factor of 874115?
False
Is 5789085 a multiple of 105?
False
Is 15024685 a multiple of 85?
True
Is 8386 even?
True
Does 14 divide 3207935?
False
Is 175 a factor of 49700?
True
Is 982 a factor of 465061?
False
Does 274 divide 506900?
True
Is 635 a factor of 3688960?
False
Is 643 a factor of 1372162?
True
Is 59 a factor of 70692?
False
Does 148 divide 5875452?
True
Is 14746 a multiple of 101?
True
Is 34 a factor of 1422764?
True
Is 6650748 a multiple of 156?
True
Is 109368 a multiple of 168?
True
Is 566 a factor of 874470?
True
Does 39 divide 905282?
False
Does 200 divide 119400?
True
Is 14 a factor of 151673?
False
Is 3116256 a multiple of 10?
False
Is 628538 a multiple of 131?
True
Does 11 divide 10124051?
False
Does 83 divide 19709761?
True
Is 17 a factor of 2038946?
True
Does 30 divide 33149?
False
Is 58646 a multiple of 142?
True
Does 306 divide 272726?
False
Is 102047 a multiple of 256?
False
Is 1113140 a multiple of 140?
True
Does 50 divide 7172623?
False
Is 34 a factor of 176261?
False
Does 163 divide 113475?
False
Is 122 a factor of 5795000?
True
Does 35 divide 2284730?
True
Does 195 divide 136157?
False
Is 65 a factor of 86677?
False
Is 8 a factor of 77408?
True
Is 19129 a multiple of 47?
True
Does 4 divide 32776?
True
Is 668 a factor of 3589164?
True
Is 49511 a multiple of 39?
False
Does 1412 divide 1198804?
False
Is 1412501 a multiple of 13?
False
Is 3102096 a multiple of 11?
False
Is 295671 a multiple of 136?
False
Is 30 a factor of 303430?
False
Is 7477364 a multiple of 831?
False
Is 757 a factor of 4331121?
False
Is 74 a factor of 12464576?
False
Does 97 divide 7958706?
False
Is 313885 a multiple of 34?
False
Is 45 a factor of 3954240?
True
Is 79 a factor of 72285?
True
Is 1484649 a multiple of 14?
False
Does 26 divide 70219?
False
Does 20 divide 285800?
True
Is 314096 a multiple of 293?
True
Is 16 a factor of 12693132?
False
Is 50 a factor of 26563?
False
Is 105 a factor of 31185?
True
Is 17 a factor of 124712?
True
Does 75 divide 36540?
False
Does 124 divide 90848?
False
Does 6 divide 470